 + 16. Suppose s = k, 0 = 3*h - 27*s + 22*s - 42. Calculate the highest common divisor of 4 and h.
2
Suppose 0 = 117*j - 113*j - 24, 48122 = 5*f - 3*j. What is the highest common factor of 58 and f?
58
Let i(t) = 5*t + 145. Let d be 6 + (-10)/(30/(-27)) + 0. Let p be i(d). Calculate the greatest common divisor of 40 and p.
20
Let n = 3881 - 2149. What is the greatest common divisor of 4 and n?
4
Suppose -1260 = 2*o - 12*o. Suppose 0 = -7*j + 6*j + o. Let n be (j*1)/(18/12). What is the greatest common factor of 6 and n?
6
Let u(y) = 2*y**3 - 4*y**2 - 8*y + 10. Let h be u(4). Let m = h - 18. Let s be ((-10)/7)/((-1)/28). Calculate the greatest common factor of m and s.
8
Let q = -59 - -92. Let y = -25 + q. Let p = y + 8. What is the greatest common factor of p and 144?
16
Suppose 0 = -g + 5, n + 3*g = -0*g + 270. Suppose 4*m - 759 + n = 0. Let y(z) = 5*z**2 - 4*z + 2. Let b be y(2). What is the greatest common factor of m and b?
14
Let v be 22/(-8)*(-3072)/128. What is the highest common factor of v and 3399?
33
Let g(f) = -f + 28. Let z be g(10). Let b(n) = -n**2 + 16*n + 30. Suppose -9 = -2*u + 11. Let q be b(u). Calculate the highest common divisor of q and z.
18
Let m be (-12)/(-2) + -8 + -175. Let l be 8/(-1 - 7) - m. What is the greatest common divisor of 64 and l?
16
Let b = -60 + 113. Suppose -2*t = -4*v - 42, -5*t - 2*v = -b - 4. Let c be 4 + 11 + (-3 - -1). What is the greatest common factor of t and c?
13
Suppose 0 = 5*r + 5, -5*r + 49 = f - r. Suppose 0 = 2*n + f - 59. Suppose 2*d - 8 = 2*c, 2*d = -6*c + 2*c + 2. What is the greatest common divisor of n and d?
3
Suppose 17*u + 13*u - 1627 = 3653. Calculate the highest common factor of u and 2882.
22
Let r(x) = -34*x - 294. Let z be 1*(-44)/(-8)*-2. Let c be r(z). Calculate the highest common factor of c and 15.
5
Suppose -2*n = 4*f - 5572, -11126 = -32*n + 28*n - 2*f. Calculate the highest common factor of n and 40.
20
Suppose -94 = x - 123. What is the highest common factor of x and 2059?
29
Let i = 368 - -63. Suppose 8*v - 9*v - 4*q + 97 = 0, 0 = -5*v - 2*q + i. What is the greatest common factor of 935 and v?
85
Let i(g) = 5*g**2 - 376*g - 3297. Let u be i(-9). Calculate the greatest common factor of u and 648.
12
Suppose 2241*v = -2*n + 2236*v + 780, n = 3*v + 401. What is the highest common divisor of 135 and n?
5
Let b be ((-112)/(-21))/(1/48). Let r = 37 - 326. Let j = 321 + r. Calculate the highest common divisor of j and b.
32
Let c = 22992 - 12707. Calculate the highest common divisor of 170 and c.
85
Let q = -17 - -49. Suppose 0 = -4*u + q + 176. Let a = -30 + u. What is the highest common factor of a and 33?
11
Let u be (1614/(-12) + 6)*2. Suppose 25 + 0 = 5*a, -y - a = -460. Let x = u + y. What is the greatest common factor of 22 and x?
22
Let o be ((-4 - -3)/(2/(-76)) + 2)*151. Calculate the highest common factor of o and 151.
151
Let w(x) = -21*x + 121. Let g(t) = -32*t + 182. Let q(j) = -5*g(j) + 8*w(j). Let r be q(6). What is the greatest common factor of r and 290?
10
Let t be 15300/(-51)*3*2/(-8). Suppose j = -5*a + t, -139 - 17 = -4*a + 4*j. Let y = 14 - 3. What is the highest common divisor of y and a?
11
Suppose 0*y - 3*y = -96. Let h be (-18677)/(-798) + (-24)/(-36) + 1/(-14). Calculate the greatest common divisor of h and y.
8
Suppose 89 = 15*a + 15*a - 61. Calculate the greatest common divisor of a and 7560.
5
Let m be (7464/15)/(-1) + 30/(-75). Let q = m - -843. Calculate the greatest common divisor of q and 23.
23
Suppose -o = 8 - 31. Suppose b + 363 = 2*m, -2*m = -3*m - 4*b + 177. Suppose -6*z + 371 + m = 0. What is the highest common factor of o and z?
23
Let x = 89 - 26. Let i = x - 51. Let h = -6 + 102. Calculate the highest common divisor of h and i.
12
Let z(f) = 4*f + 5. Let q be z(15). Let t = q + -44. Suppose 809 + 1823 = 94*y. Calculate the highest common divisor of y and t.
7
Let q(r) = 2*r**2 + 3*r - 195. Let b be q(0). Let j = -120 - b. What is the greatest common factor of 15 and j?
15
Suppose 17*x + 17 = 51. What is the highest common factor of 4 and x?
2
Suppose 36*d - 7589 = -7337. What is the greatest common factor of d and 1757?
7
Suppose -287*d = -284*d + 927. Let w = -165 - d. Calculate the highest common divisor of 32 and w.
16
Let k = -81 + 112. Suppose 50*n - k*n - 57 = 0. Suppose 3*y + 0*y - 9 = 0. What is the highest common divisor of y and n?
3
Let q = -37145 - -37383. Calculate the highest common divisor of 5096 and q.
14
Let u be 41 + -4 + 45/(-9). What is the greatest common factor of 296 and u?
8
Suppose 55*w + 2210 = 81*w. What is the highest common divisor of 75 and w?
5
Let j(d) = 4*d**2 + 35*d - 8. Let o be j(-9). Suppose i + 7 = 4. Let m be (20/6 + i)/(o/27). What is the greatest common divisor of m and 36?
9
Let p be 4 - (0 + 2 + 2). Let q be 9/3 - p/2. Suppose 2*c = 6, 0*x - q*c - 12 = -x. What is the highest common divisor of 3 and x?
3
Let k = 867 - 846. Let m = -52 + 37. Let g = m + k. What is the greatest common divisor of 15 and g?
3
Suppose -14 + 158 = -16*a. Let w be 30 + -1 - (2 - 4). Let h = a + w. Calculate the greatest common divisor of h and 55.
11
Let k be 348/(60/16 - 3). Suppose 3*h + 122 = k. Calculate the highest common factor of h and 627.
57
Let a(q) = -9*q - 10. Let v be a(-2). Let k = v - 8. Suppose 4*c + 2*o - 155 = 7*o, k = -3*c + 5*o + 115. What is the highest common divisor of c and 20?
20
Let z(i) = i**2 + 6*i - 7. Suppose 0 = 3*d + t + 17, -2*d + 2*t - 1 = 21. Let u be z(d). Let v = u - -66. What is the highest common factor of 33 and v?
33
Let o be 1*(15 - 4)*-1*-1. Suppose 4*s - o*k = -7*k + 68, -2*s + k = -33. Calculate the highest common divisor of 28 and s.
4
Suppose -4*w - 9 = 2*v - w, 3*v = -w - 3. Suppose v = 19*p - 14*p - 1455. Calculate the greatest common factor of p and 485.
97
Let b(d) = -d**3 - 4*d**2 + 6*d + 13. Let c be b(-6). Let u(r) = -c - 8*r + 21 + 7*r + 12*r. Let i be u(8). Calculate the highest common divisor of 45 and i.
15
Suppose -10*i + 413 + 107 = 0. Suppose 4*b - 3*s + 7 = -39, 5*b - s + i = 0. Let k be (74/(-4))/(5/b)*1. What is the greatest common divisor of 259 and k?
37
Suppose t - 168 = 4*s - 104, -s + 1 = 0. What is the greatest common divisor of t and 1088?
68
Let d be -1*(3 - (8 + 598)). Calculate the highest common factor of d and 335.
67
Let l be (-2)/(-6) + (-67824)/(-648). Calculate the greatest common divisor of l and 1407.
21
Suppose 18*l - u + 885 = 21*l, -1193 = -4*l + 3*u. Calculate the greatest common divisor of l and 259.
37
Suppose 7*w + 10 = 2*w, -k - w = -6. Let h be k/6 - 40/(-15). Suppose y - 172 = -h*f, 4*y - 3*f - 745 = -y. What is the highest common factor of 19 and y?
19
Let i = 125 - 116. Suppose 4*p + r = -17, -r - i = -2*p + 2*r. Let u be p/(18/22)*(-15 + 0). What is the greatest common factor of 44 and u?
11
Let z(i) = -2*i**3 - 4*i - 3. Let w be z(-3). Let o(q) = -72*q**2 - 2*q + 3. Let g be o(2). Let r = 296 + g. Calculate the greatest common divisor of w and r.
7
Let f be (-825)/66*-2 + -11. Suppose -t + 364 = t. What is the highest common divisor of f and t?
14
Let c = 229 - 256. Let k(d) = -8*d - 60. Let u be k(c). What is the greatest common divisor of 12 and u?
12
Let n(f) = -f**2 - 49. Let y be n(-14). Let a = y - -261. What is the highest common divisor of a and 56?
8
Suppose -37*o = -1574 - 11376. What is the greatest common divisor of 170 and o?
10
Let p = -33 - -36. Let d(h) = -8*h - 10. Let s be d(p). Let x = 37 + s. What is the greatest common factor of 12 and x?
3
Let r(c) = -c**2 - 5*c + 7. Let t be r(-6). Let z = 402 + -399. Suppose -4*v - 18 = z*g - 71, -47 = -4*v - g. What is the greatest common factor of t and v?
1
Suppose -23*g + 303784 = -353257. Calculate the greatest common divisor of g and 33.
11
Let p be (-1 - -3)*26/(-4). Let q = -11 - p. Suppose -95 = -5*u - 3*k, 3*u + 2*k - 76 = 4*k. What is the highest common factor of q and u?
2
Let j = 22 + -12. Suppose 3*c + 0*c + o - 56 = 0, -c + 36 = -4*o. What is the highest common divisor of c and j?
10
Suppose -12 - 9 = -3*o - 4*j, 4*j + 12 = 0. Let n be 700 + 14*20/70. Calculate the greatest common factor of n and o.
11
Suppose 3*z + 6 = 0, -6*f + 46*z + 25822 = 41*z. Calculate the highest common divisor of 162 and f.
18
Suppose 0 = 4673*s - 4717*s - 30419